o + 2*v - 31. List the prime factors of o.
2, 3
Let d be (-5)/(5/(-82)) - -1. Let k = 18 + d. Suppose 0 = 2*w - 19 - k. What are the prime factors of w?
2, 3, 5
Let g = -1148 - -3619. What are the prime factors of g?
7, 353
Suppose -4*t + 1560 = 6*t. Suppose 4*r - 54 - 96 = -2*j, -t = -4*r - 4*j. What are the prime factors of r?
2, 3
Let c = -301 + 760. What are the prime factors of c?
3, 17
Let a(o) = 35*o**2 - 49*o + 5. What are the prime factors of a(12)?
4457
Let x(l) = -l**3 + l**2 - 3*l + 533. List the prime factors of x(0).
13, 41
Let v = 5122 + -3208. List the prime factors of v.
2, 3, 11, 29
Let r be ((-54)/(-4))/((-9)/(-84)). Let c be r/35 + (-4)/(-10). Suppose 276 = 4*o + c. What are the prime factors of o?
2, 17
Let b(l) = -180*l - 12. What are the prime factors of b(-2)?
2, 3, 29
Let w = -34 - -36. What are the prime factors of w/(-10)*1 - (-1155)/25?
2, 23
Suppose 4*n + 4*w = -w - 12, -3*n = w - 2. Suppose 4 - n = v. Suppose -v*y = 3*g - 101, 0*g - 261 = -5*y + g. What are the prime factors of y?
2, 13
Let o = 9513 + -5998. What are the prime factors of o?
5, 19, 37
Let b(y) = 2*y + 1 + 1 - 3 + 5*y. Let q = -31 - -34. What are the prime factors of b(q)?
2, 5
Suppose -6114*v + 4520 = -6109*v. List the prime factors of v.
2, 113
What are the prime factors of (10842/12 - -7)/((-3)/(-4))?
2, 607
Let x(n) = -n**2 + 4*n + 9. Let z be x(5). List the prime factors of (3/4 - 1) + 397/z.
3, 11
Let t be (0 + 8/(-28))/(1/(-7)). List the prime factors of 108 + (t - 6/4)*-2.
107
Let k(c) = c + 12. Let v be k(-9). Suppose v*b + 10 = 2*z, z - 4*z - 3*b = 0. Suppose 4*o = -z*i - 2*i + 88, 2*o = i + 59. List the prime factors of o.
3
Let x = 159 + -47. List the prime factors of x.
2, 7
Let i(y) = -y**3 + 6*y**2 - 4*y + 3. Let p be i(5). Suppose o - 22 = 2*d, 3*o + 3*d = -0*d + 39. Let n = o - p. List the prime factors of n.
2
Suppose -121236 + 18236 = -40*g. List the prime factors of g.
5, 103
Suppose 0 = 52*b - 37932 - 35492. What are the prime factors of b?
2, 353
Let r(x) = 20*x**2 + 1. Let y be r(1). Suppose -5*a + 2*a + y = 0. Suppose 14*g - a*g - 336 = 0. List the prime factors of g.
2, 3
Let b be (8/(-12))/(4/(-18)). Suppose -b*u = -4*p + u + 4, -3*p + 2*u = -7. Suppose -2*v - 2 = 0, 56 = p*d - v - 25. List the prime factors of d.
2
Suppose 116*f = 76*f + 195600. What are the prime factors of f?
2, 3, 5, 163
Let v = 146 + -104. Let k = -344 + 492. Suppose v*i + k = 44*i. List the prime factors of i.
2, 37
Let g(d) = -d**3 - 15*d**2 + 15*d - 11. Let b be g(-16). What are the prime factors of -4 + (40 - (1 - b))?
2, 5
Let k(z) = z**2 + z + 23. Let p be k(10). Suppose 105 = r + 5*d, p = 4*r + 5*d - 212. List the prime factors of r.
2, 5
Let d = 170 - 322. Let u be d/(-36) - 4/18. List the prime factors of -2 + 1*44/u.
3
Let c = -620 - -1317. List the prime factors of c.
17, 41
What are the prime factors of 66/(-110)*(-20760)/18?
2, 173
Suppose 2*a = 4*n + 158, 2*n - 6*n + 3*a - 155 = 0. Let v = n - -64. List the prime factors of v.
23
Let t be (5/4)/(8/32). Suppose y - 6 = -0*a + 2*a, t = 5*a. Let p = 11 - y. List the prime factors of p.
3
Suppose 3*n - 250 = n. Suppose t - n + 5 = 0. What are the prime factors of t?
2, 3, 5
Let j(l) = -170*l - 2. List the prime factors of j(-1).
2, 3, 7
Let o be (-3)/(9/(-3)) + 2. Let k be o/((-3)/(-12)*-2). List the prime factors of 8/k*(-156)/8.
2, 13
Suppose 0 = 4*n - 11 - 25. Let i = n + 2. Let z = i + -2. What are the prime factors of z?
3
Let q = 283 + -99. Let c = -93 + q. List the prime factors of c.
7, 13
What are the prime factors of 26984/6*((-98)/(-56) + -1)?
3373
Let s be (-9)/15 + 112/20. Suppose 0 = -0*i - s*i. Suppose i = -b + 3*b - 50. List the prime factors of b.
5
Suppose 2*m = 0, -37*x + 32*x = -2*m - 15420. List the prime factors of x.
2, 3, 257
Let f(p) = 2*p**2 - 3*p - p - 2 - 2*p**2 + p**3. List the prime factors of f(4).
2, 23
Suppose 4*i + 2*h - 2 = -0*h, -5*i - 5*h = 10. Suppose -g + i*g + 5*j - 87 = 0, -3*j + 41 = g. List the prime factors of g.
2, 7
Let t(k) be the second derivative of -k**5/4 - k**4/6 + 5*k**3/6 - k**2/2 + 13*k. List the prime factors of t(-3).
101
Let d be 20/15 - (-4)/6. Suppose 0 = -5*m + 4*l, -11 = 2*m + d*m - l. Let n = 6 - m. What are the prime factors of n?
2, 5
Let m = 62 + -56. What are the prime factors of (-6*3/12)/(m/(-368))?
2, 23
Let h = -901 + 1803. What are the prime factors of h?
2, 11, 41
Let m(b) = b**3 - 4*b**2 - 2*b + 5. Let w be m(4). Let o be ((0/2)/2)/w. Suppose o = 3*s - 4*s + 7. List the prime factors of s.
7
Let f(c) = -3*c - c**2 + 3 + 0*c + 21*c**2 + 4*c. List the prime factors of f(2).
5, 17
Suppose 24 = 4*t - 132. Let o be t + (-2 - (-2 + 4)). Suppose -3*n + 64 = -o. List the prime factors of n.
3, 11
Let p(x) = x**3 + 9*x**2 + 10*x + 8. Let m be p(-8). Let r be 3 - (1 + m + 3). Suppose 0 = -z - 0*z + r. List the prime factors of z.
7
Suppose 0 = 4*t - 5*t - 5*v + 4, -v - 12 = -3*t. Suppose t*q + 35 + 21 = 3*k, q = -3*k + 46. List the prime factors of k.
2
Let t = -11 + 9. Let u(x) = x + 4. What are the prime factors of u(t)?
2
List the prime factors of (-4)/12 - 704*(-2)/3.
7, 67
Let p = 10 - 17. Let f be ((10/(-3))/5)/((-2)/63). Let g = p + f. What are the prime factors of g?
2, 7
Suppose 4*g - 4 = 0, 2*b - 2189 - 9802 = -g. What are the prime factors of b?
5, 11, 109
Suppose -735 = 14*i - 21819. What are the prime factors of i?
2, 3, 251
Suppose 0*g = 5*g - 15. Suppose 5 = 5*f, 3 = k + g*f - 4*f. Suppose -k*c + 5*c - 25 = 0. What are the prime factors of c?
5
Let t = -67 - -70. Suppose 5*y - 665 = -2*q, q = -2*y + t*q + 266. What are the prime factors of y?
7, 19
Suppose 4*w = -j + 14 + 16, 3*w - 18 = -3*j. Suppose w*x - 712 = -0*x. What are the prime factors of x?
89
Suppose 7*a - 25548 = -390. What are the prime factors of a?
2, 3, 599
Suppose 0 = q + 4, -q + 383 = 3*r - 6*q. Suppose d = 2*x + r, -4*d = 5*x - 531 + 86. List the prime factors of d.
5, 23
Suppose -7*k = 753 + 157. List the prime factors of k/(-6) - (-18)/(-27).
3, 7
Let x(d) = 49*d**2 + 56*d - 17. List the prime factors of x(8).
3, 29, 41
Let v = -97 - -53. Suppose -4*f + 264 = -4*z, -3*f - 7*z = -2*z - 238. Let s = v + f. What are the prime factors of s?
3
Let c(d) = 2*d**3 + 2*d**2 - 8*d + 11. Let v(q) = 8*q - 19. Let f be v(3). What are the prime factors of c(f)?
271
Let l(u) = u + 2. Let d be l(0). Let b be d - 4 - 12/2. Let t = b + 15. List the prime factors of t.
7
Let i(m) = -38*m**3 + 2*m**2 + m - 22. What are the prime factors of i(-4)?
2, 23, 53
Suppose -8*g - 2 = 6. Let p be g - -67*(3 + -4). Let a = p + 124. What are the prime factors of a?
2, 7
Suppose -q + 4*n = -0*q - 487, -4*n - 2467 = -5*q. Suppose -11*o + q = -8*o. List the prime factors of o.
3, 5, 11
Suppose 2*q - 32*d + 35*d - 10454 = 0, 2*d = 6*q - 31384. List the prime factors of q.
2, 5, 523
Let v(t) = t**3 + 12*t**2 - 3 - 1 - 3*t**2 + 6*t - 10. List the prime factors of v(-6).
2, 29
Let p(k) = -2*k + 8. Let m be p(0). Let b(i) = -3*i + 4*i + i - 4 - m. What are the prime factors of b(10)?
2
Let c = -374 + 601. List the prime factors of c.
227
Suppose 38*q = 31*q + 1379. List the prime factors of q.
197
Let h(t) = -8*t**2 - 1. Let c be h(1). Suppose 4*s - 16 = 0, -3*m + 2*s + 70 = -0*m. Let w = m + c. What are the prime factors of w?
17
Suppose 4*w - 97 = 331. List the prime factors of w.
107
Suppose -17 = -5*v + 8. Suppose -4*z = -3*m + 23, v*m - 3*z - 21 = -1. List the prime factors of ((-1)/(-2))/m*54.
3
Let k(d) = -d**3 - 8*d**2 - 9*d - 1. Let x be k(-8). Suppose -2*g + 239 = -x. Suppose 5*i - g = -0*i. What are the prime factors of i?
31
Let z = -37 + 39. Suppose z*s - 3*s - 81 = -v, -3*s = -v + 89. List the prime factors of v.
7, 11
Suppose 0 = 187*u - 180*u - 3612. What are the prime factors of u?
2, 3, 43
Let x(c) = 4*c**2 - 2*c**2 - 1 - c**2 - c. What are the prime factors of x(-8)?
71
Let l(n) = n**2 + 9*n + 13. Let c be l(-17). Let a = -130 - -35. Let j = c + a. List the prime factors of j.
2, 3
What are the prime factors of (-28)/3*(-24570)/245?
2, 3, 13
Let y be (-4)/(-6) - 55/(-3). Let a(q) = 2*q**2 - 2*q + 1. Let j be a(2). Suppose -j*v + y = -11. What are the prime factors of v?
2, 3
Suppose 0 = 5*l + n - 1185 - 670, -4*l + 4*n + 1508 = 0. Let i = l + -212. What are th